{"id":15476,"date":"2014-10-22T16:25:07","date_gmt":"2014-10-22T15:25:07","guid":{"rendered":"http:\/\/cms.conditoreigerch.de\/?page_id=15476"},"modified":"2025-07-12T16:48:39","modified_gmt":"2025-07-12T15:48:39","slug":"unser-cafe","status":"publish","type":"page","link":"http:\/\/conditoreigerch.de\/?page_id=15476","title":{"rendered":"Hochzeitstorten Herzen"},"content":{"rendered":"<div class=\"wpb-content-wrapper\"><p>[vc_row row_type=&#8220;row&#8220; type=&#8220;grid&#8220; text_align=&#8220;left&#8220; padding_top=&#8220;1&#8243; background_color=&#8220;#ffffff&#8220; use_row_as_full_screen_section=&#8220;no&#8220; background_image_as_pattern=&#8220;without_pattern&#8220;][vc_column width=&#8220;1\/1&#8243;][vc_column_text]<\/p>\n<h4 style=\"text-align: center;\"><span style=\"color: #ff0000;\">Tortenberatung Mi.-So. 10.00 -17.00 Uhr<\/span><\/h4>\n<p style=\"text-align: center;\">Durch die Individualit\u00e4t der Torten, wie zum Beispiel Geschmack, F\u00fcllungen, Gr\u00f6\u00dfen sowie Dekorationen k\u00f6nnen wir keine festen Preise angeben.<\/p>\n<p style=\"text-align: center;\">Dies bez\u00fcglich bitten wir Sie uns im Cafe` zu besuchen und sich vom Konditor beraten zu lassen.<\/p>\n<p style=\"text-align: center;\">Einen Preis von 3,00 \u20ac &#8211; 5,00 \u20ac pro Portion mu\u00df man zirka einkalkulieren.<\/p>\n<p>[\/vc_column_text][\/vc_column][\/vc_row][vc_row row_type=&#8220;row&#8220; type=&#8220;full_width&#8220; text_align=&#8220;left&#8220; padding_top=&#8220;0&#8243; padding_bottom=&#8220;32&#8243; use_row_as_full_screen_section=&#8220;no&#8220; background_image_as_pattern=&#8220;without_pattern&#8220;][vc_column width=&#8220;1\/1&#8243;]<span data-type=\"normal\"  class=\"qode_icon_shortcode  q_font_awsome_icon fa-lg pull-center \" style=\"margin: 0 0 20 0; \"><i class=\"qode_icon_font_awesome fa fa-heart qode_icon_element\" style=\"color: #dd3333;\" ><\/i><\/span>[vc_separator type=&#8220;transparent&#8220; position=&#8220;center&#8220; up=&#8220;14&#8243; down=&#8220;0&#8243;][vc_column_text]<div id=\"justified_gallery_1KMxtf\" class=\"sgg-style-1 \"><a class=\"sgg-lightbox-item\" href=\"http:\/\/conditoreigerch.de\/wp-content\/uploads\/2014\/10\/herz-1.jpg\" data-size=\"900x597\" data-caption=\"silberhochzeitstorte\"><img decoding=\"async\" src=\"http:\/\/conditoreigerch.de\/wp-content\/uploads\/2014\/10\/herz-1.jpg\" data-caption=\"silberhochzeitstorte\" alt=\"silberhochzeitstorte\"\/><\/a><a class=\"sgg-lightbox-item\" href=\"http:\/\/conditoreigerch.de\/wp-content\/uploads\/2014\/10\/hertz-17.jpg\" data-size=\"900x597\" data-caption=\"Doppelherz\"><img decoding=\"async\" src=\"http:\/\/conditoreigerch.de\/wp-content\/uploads\/2014\/10\/hertz-17.jpg\" data-caption=\"Doppelherz\" alt=\"Doppelherz\"\/><\/a><a class=\"sgg-lightbox-item\" href=\"http:\/\/conditoreigerch.de\/wp-content\/uploads\/2014\/10\/hertz-16.jpg\" data-size=\"900x597\" data-caption=\"Hochzeitstorte Herzen\"><img decoding=\"async\" src=\"http:\/\/conditoreigerch.de\/wp-content\/uploads\/2014\/10\/hertz-16.jpg\" data-caption=\"Hochzeitstorte Herzen\" alt=\"Hochzeitstorte Herzen\"\/><\/a><a class=\"sgg-lightbox-item\" href=\"http:\/\/conditoreigerch.de\/wp-content\/uploads\/2014\/10\/hertz-10.jpg\" data-size=\"900x597\" data-caption=\"Aufsatzherz\"><img decoding=\"async\" src=\"http:\/\/conditoreigerch.de\/wp-content\/uploads\/2014\/10\/hertz-10.jpg\" data-caption=\"Aufsatzherz\" alt=\"Aufsatzherz\"\/><\/a><a class=\"sgg-lightbox-item\" href=\"http:\/\/conditoreigerch.de\/wp-content\/uploads\/2014\/10\/hertz-8.jpg\" data-size=\"900x597\" data-caption=\"Rosen Herz\"><img decoding=\"async\" src=\"http:\/\/conditoreigerch.de\/wp-content\/uploads\/2014\/10\/hertz-8.jpg\" data-caption=\"Rosen Herz\" alt=\"Rosen Herz\"\/><\/a><a class=\"sgg-lightbox-item\" href=\"http:\/\/conditoreigerch.de\/wp-content\/uploads\/2014\/10\/hertz-7.jpg\" data-size=\"900x597\" data-caption=\"Fondante Herzen\"><img decoding=\"async\" src=\"http:\/\/conditoreigerch.de\/wp-content\/uploads\/2014\/10\/hertz-7.jpg\" data-caption=\"Fondante Herzen\" alt=\"Fondante Herzen\"\/><\/a><a class=\"sgg-lightbox-item\" href=\"http:\/\/conditoreigerch.de\/wp-content\/uploads\/2014\/10\/hertz-4.jpg\" data-size=\"900x597\" data-caption=\"gemischte Herztorte\"><img decoding=\"async\" src=\"http:\/\/conditoreigerch.de\/wp-content\/uploads\/2014\/10\/hertz-4.jpg\" data-caption=\"gemischte Herztorte\" alt=\"gemischte Herztorte\"\/><\/a><a class=\"sgg-lightbox-item\" href=\"http:\/\/conditoreigerch.de\/wp-content\/uploads\/2014\/10\/hertz-3.jpg\" data-size=\"900x597\" data-caption=\"Herz to Herz\"><img decoding=\"async\" src=\"http:\/\/conditoreigerch.de\/wp-content\/uploads\/2014\/10\/hertz-3.jpg\" data-caption=\"Herz to Herz\" alt=\"Herz to Herz\"\/><\/a><a class=\"sgg-lightbox-item\" href=\"http:\/\/conditoreigerch.de\/wp-content\/uploads\/2015\/07\/IMG_5723-e1437570929360.jpg\" data-size=\"525x700\" data-caption=\"Kleines Herz\"><img decoding=\"async\" src=\"http:\/\/conditoreigerch.de\/wp-content\/uploads\/2015\/07\/IMG_5723-225x300.jpg\" data-caption=\"Kleines Herz\" alt=\"Kleines Herz\"\/><\/a><a class=\"sgg-lightbox-item\" href=\"http:\/\/conditoreigerch.de\/wp-content\/uploads\/2014\/10\/IMG_8258-e1465980819429.jpg\" data-size=\"700x525\" data-caption=\"Herzen Herzen Herzen\"><img decoding=\"async\" src=\"http:\/\/conditoreigerch.de\/wp-content\/uploads\/2014\/10\/IMG_8258-e1465980819429.jpg\" data-caption=\"Herzen Herzen Herzen\" alt=\"Herzen Herzen Herzen\"\/><\/a><a class=\"sgg-lightbox-item\" href=\"http:\/\/conditoreigerch.de\/wp-content\/uploads\/2014\/10\/DSC01194.jpg\" data-size=\"800x532\" data-caption=\"Hochzeitstorte Aufsatz\"><img decoding=\"async\" src=\"http:\/\/conditoreigerch.de\/wp-content\/uploads\/2014\/10\/DSC01194.jpg\" data-caption=\"Hochzeitstorte Aufsatz\" alt=\"Hochzeitstorte Aufsatz\"\/><\/a><a class=\"sgg-lightbox-item\" href=\"http:\/\/conditoreigerch.de\/wp-content\/uploads\/2016\/02\/IMG_6241.jpg\" data-size=\"3264x2448\" data-caption=\"P\u00fcnkchen Herz\"><img decoding=\"async\" src=\"http:\/\/conditoreigerch.de\/wp-content\/uploads\/2016\/02\/IMG_6241.jpg\" data-caption=\"P\u00fcnkchen Herz\" alt=\"P\u00fcnkchen Herz\"\/><\/a><a class=\"sgg-lightbox-item\" href=\"http:\/\/conditoreigerch.de\/wp-content\/uploads\/2015\/02\/slider-1.jpg\" data-size=\"1920x900\" data-caption=\"Namens herz\"><img decoding=\"async\" src=\"http:\/\/conditoreigerch.de\/wp-content\/uploads\/2015\/02\/slider-1.jpg\" data-caption=\"Namens herz\" alt=\"Namens herz\"\/><\/a><a class=\"sgg-lightbox-item\" href=\"http:\/\/conditoreigerch.de\/wp-content\/uploads\/2025\/07\/DSC06962-scaled.jpg\" data-size=\"2033x2560\" data-caption=\"Herz Klassik\"><img decoding=\"async\" src=\"http:\/\/conditoreigerch.de\/wp-content\/uploads\/2025\/07\/DSC06962-238x300.jpg\" data-caption=\"Herz Klassik\" alt=\"Herz Klassik\"\/><\/a><a class=\"sgg-lightbox-item\" href=\"http:\/\/conditoreigerch.de\/wp-content\/uploads\/2025\/07\/DSC06854-scaled.jpg\" data-size=\"2560x1606\" data-caption=\"schokoHerz\"><img decoding=\"async\" src=\"http:\/\/conditoreigerch.de\/wp-content\/uploads\/2025\/07\/DSC06854-420x264.jpg\" data-caption=\"schokoHerz\" alt=\"schokoHerz\"\/><\/a><a class=\"sgg-lightbox-item\" href=\"http:\/\/conditoreigerch.de\/wp-content\/uploads\/2025\/07\/IMG_8018-scaled.jpg\" data-size=\"1920x2560\" data-caption=\"Herztorte\"><img decoding=\"async\" src=\"http:\/\/conditoreigerch.de\/wp-content\/uploads\/2025\/07\/IMG_8018-225x300.jpg\" data-caption=\"Herztorte\" alt=\"Herztorte\"\/><\/a><a class=\"sgg-lightbox-item\" href=\"http:\/\/conditoreigerch.de\/wp-content\/uploads\/2025\/07\/IMG_9035-scaled.jpg\" data-size=\"1920x2560\" data-caption=\"Herz Etagere\"><img decoding=\"async\" src=\"http:\/\/conditoreigerch.de\/wp-content\/uploads\/2025\/07\/IMG_9035-225x300.jpg\" data-caption=\"Herz Etagere\" alt=\"Herz Etagere\"\/><\/a><a class=\"sgg-lightbox-item\" href=\"http:\/\/conditoreigerch.de\/wp-content\/uploads\/2025\/07\/IMG_6045-scaled.jpg\" data-size=\"1920x2560\" data-caption=\"Schokodrip\"><img decoding=\"async\" src=\"http:\/\/conditoreigerch.de\/wp-content\/uploads\/2025\/07\/IMG_6045-225x300.jpg\" data-caption=\"Schokodrip\" alt=\"Schokodrip\"\/><\/a><\/div>\r\n<div id=\"load_more_holder_1KMxtf\" style=\"display:none\"><\/div>\r\n\t\t\t<script type=\"text\/javascript\">\r\n\t\t\t\t(function($){\r\n\t\t\t\t\t$(\"#justified_gallery_1KMxtf\").justifiedGallery({\r\n\t\t\t\t\t\tsizeRangeSuffixes : {'lt100': '', 'lt240': '', 'lt320': '', 'lt500': '', 'lt640': '', 'lt1024': ''},rowHeight: 200,\r\nmobileRowHeight: 200,\r\nmargins: 5,\r\nlastRow: \"nojustify\",\r\nfixedHeight: true,\r\ncaptions: true,\r\ncaptionsColor: \"#000000\",\r\ncaptionsOpacity: 0.7,\r\nrandomize: true,\r\nmaxRowHeight: 0,\r\nrel: \"1KMxtf\",\r\ntarget: null,\r\nrefreshTime: 250,\r\ncssAnimation: true,\r\ncaptionsAnimationDuration: 500,\r\nimagesAnimationDuration: 300,\r\ncaptionsVisibleOpacity: 0.7,\r\nclass: \"\",\r\n\t\t\t\t\t})\r\n\t\t\t\t\t.on('jg.complete', function(){\r\n\t\t\t\t\t\t$('#justified_gallery_1KMxtf a.sgg-lightbox-item').magnificPopup({type: 'image',\r\n\t\t\t\t\t\tmainClass: 'mfp-with-zoom',\r\n\t\t\t\t\t\tcloseOnContentClick: true,\r\n\t\t\t\t\t\tcloseBtnInside: false,\r\n\t\t\t\t\t\tpreloader: 'true',\r\n\t\t\t\t\t\ttLoading: '',\r\n\t\t\t\t\t\ttClose: '',image: {\r\n\t\t\t\t\t\t\tverticalFit: true,titleSrc: function(item) {\r\n\t\t\t\t\t\t\t\treturn item.el.attr('data-caption');\r\n\t\t\t\t\t\t\t}},zoom: {\r\n\t\t\t\t\t\t\tenabled: true,\r\n\t\t\t\t\t\t\tduration: 300\r\n\t\t\t\t\t\t},\r\n\t\t\t\t\t\tgallery: {\r\n\t\t\t\t\t\t\tenabled: true,\r\n\t\t\t\t\t\t\ttPrev: '',\r\n    \t\t\t\t\t\ttNext: '',\r\n\t\t\t\t\t\t\ttCounter: '(%curr%\/%total%)'\r\n\t\t\t\t\t\t},iframe: {\r\n\t\t\t\t\t\t  markup: \r\n\t\t\t\t\t\t    '<div class=\"mfp-iframe-scaler\">'+\r\n\t\t\t\t\t\t\t  '<div class=\"mfp-close\"><\/div>'+\r\n\t\t\t\t\t\t\t    '<iframe class=\"mfp-iframe\" frameborder=\"0\" allowfullscreen><\/iframe>'+\r\n\t\t\t\t\t\t\t  '<div class=\"mfp-title\"><\/div>'+\r\n\t\t\t\t\t\t\t'<\/div>',\r\n\t\t\t\t\t\t  patterns: {\r\n\t\t\t\t\t\t    youtube: {\r\n\t\t\t\t\t\t      index: 'youtube.com\/', \/\/ String that detects type of video (in this case YouTube). Simply via url.indexOf(index).\r\n\t\t\t\t\t\t      id: 'v=', \/\/ String that splits URL in a two parts, second part should be %id%\r\n\t\t\t\t\t\t      \/\/ Or null - full URL will be returned\r\n\t\t\t\t\t\t      \/\/ Or a function that should return %id%, for example:\r\n\t\t\t\t\t\t      \/\/ id: function(url) { return 'parsed id'; }\r\n\t\t\t\t\t\t      src: '\/\/www.youtube.com\/embed\/%id%?showinfo=0&rel=0' \/\/ URL that will be set as a source for iframe. \r\n\t\t\t\t\t\t    },\r\n\t\t\t\t\t\t    youtu_be: {\r\n\t\t\t\t\t\t      index: 'youtu.be\/',\r\n\t\t\t\t\t\t      id: '\/',\r\n\t\t\t\t\t\t      src: '\/\/www.youtube.com\/embed\/%id%?showinfo=0&rel=0'\r\n\t\t\t\t\t\t    },\r\n\t\t\t\t\t\t    vimeo: {\r\n\t\t\t\t\t\t      index: 'vimeo.com\/',\r\n\t\t\t\t\t\t      id: '\/',\r\n\t\t\t\t\t\t      src: '\/\/player.vimeo.com\/video\/%id%?byline=0&amp;portrait=0'\r\n\t\t\t\t\t\t    }\r\n\t\t\t\t\t\t  }\r\n\t\t\t\t\t\t},\r\n\t\t\t\t\t\tcallbacks: {\r\n\t\t\t\t\t\t  markupParse: function(template, values, item) {\r\n\t\t\t\t\t\t   values.title = item.el.attr('data-caption');\r\n\t\t\t\t\t\t  }\r\n\t\t\t\t\t\t}});\t\t\t\t\t});\r\n\t\t\t\t\t\t\t\t\t\t\t\t\t\t\t\t\t\t\tvar galleries = [];\r\n\t\t\t\tvar gallery = $(\"#justified_gallery_1KMxtf\");\r\n\t\t\t\t\t\t\t\t$(\"#load_more_1KMxtf\").on('click', function() {\r\n\t\t\t\t\tif ( galleries.length >= 1  ) {\r\n\t\t\t\t\t\tvar images = galleries.splice(0,1); \r\n\t\t\t\t\t\tvar image_html = $(\"#load_more_holder_1KMxtf\").html(images).text();\r\n\t\t\t\t\t\t$(gallery).append(image_html);\r\n\t\t\t\t\t\t$(gallery).justifiedGallery('norewind');\r\n\t\t\t\t\t\tif ( galleries.length == 0 ) {\r\n\t\t\t\t\t\t\t$(\"#load_more_1KMxtf\").css('display', 'none');\r\n\t\t\t\t\t\t}\r\n\t\t\t\t\t}\r\n\t\t\t\t});\t\t\t\t})(jQuery);\r\n\t\t\t<\/script>\r\n\t\t\t\t\t\t<style>\r\n\t            #justified_gallery_1KMxtf .sgg-caption {\r\n\t\t\t\t\tbackground: rgb(0,0,0);\r\n\t\t\t\t\tbackground: rgba(0,0,0,0.7);\r\n\t\t\t\t\tcolor: #ffffff;\r\n\t\t\t\t\tfont-size: 1em;\r\n\t\t\t\t\tfont-weight: 400;\r\n\t\t\t\t\tfont-family: Helvetica, Arial, sans-serif;\r\n\t\t\t\t}\r\n\t\t\t\t#load_more_1KMxtf {\r\n\t\t\t\t    background: #444444;\r\n\t\t\t\t    color: #ffffff;\r\n\t\t\t\t}\r\n\t\t\t<\/style>\r\n        \t[\/vc_column_text][\/vc_column][\/vc_row]<\/p>\n<\/div>","protected":false},"excerpt":{"rendered":"<p>[vc_row row_type=&#8220;row&#8220; type=&#8220;grid&#8220; text_align=&#8220;left&#8220; padding_top=&#8220;1&#8243; background_color=&#8220;#ffffff&#8220; use_row_as_full_screen_section=&#8220;no&#8220; background_image_as_pattern=&#8220;without_pattern&#8220;][vc_column width=&#8220;1\/1&#8243;][vc_column_text] Tortenberatung Mi.-So. 10.00 -17.00 Uhr Durch die Individualit\u00e4t der Torten, wie zum Beispiel Geschmack, F\u00fcllungen, Gr\u00f6\u00dfen sowie Dekorationen k\u00f6nnen wir keine festen Preise angeben. Dies bez\u00fcglich bitten wir Sie uns im Cafe` zu besuchen und sich&#8230;<\/p>\n","protected":false},"author":2,"featured_media":0,"parent":0,"menu_order":0,"comment_status":"open","ping_status":"open","template":"","meta":{"footnotes":""},"class_list":["post-15476","page","type-page","status-publish","hentry"],"_links":{"self":[{"href":"http:\/\/conditoreigerch.de\/index.php?rest_route=\/wp\/v2\/pages\/15476","targetHints":{"allow":["GET"]}}],"collection":[{"href":"http:\/\/conditoreigerch.de\/index.php?rest_route=\/wp\/v2\/pages"}],"about":[{"href":"http:\/\/conditoreigerch.de\/index.php?rest_route=\/wp\/v2\/types\/page"}],"author":[{"embeddable":true,"href":"http:\/\/conditoreigerch.de\/index.php?rest_route=\/wp\/v2\/users\/2"}],"replies":[{"embeddable":true,"href":"http:\/\/conditoreigerch.de\/index.php?rest_route=%2Fwp%2Fv2%2Fcomments&post=15476"}],"version-history":[{"count":8,"href":"http:\/\/conditoreigerch.de\/index.php?rest_route=\/wp\/v2\/pages\/15476\/revisions"}],"predecessor-version":[{"id":17194,"href":"http:\/\/conditoreigerch.de\/index.php?rest_route=\/wp\/v2\/pages\/15476\/revisions\/17194"}],"wp:attachment":[{"href":"http:\/\/conditoreigerch.de\/index.php?rest_route=%2Fwp%2Fv2%2Fmedia&parent=15476"}],"curies":[{"name":"wp","href":"https:\/\/api.w.org\/{rel}","templated":true}]}}