{"id":15482,"date":"2014-10-22T16:25:40","date_gmt":"2014-10-22T15:25:40","guid":{"rendered":"http:\/\/cms.conditoreigerch.de\/?page_id=15482"},"modified":"2025-07-13T10:10:39","modified_gmt":"2025-07-13T09:10:39","slug":"kontakt","status":"publish","type":"page","link":"https:\/\/conditoreigerch.de\/?page_id=15482","title":{"rendered":"Kontakt &#038; Datenschutz"},"content":{"rendered":"<div class=\"wpb-content-wrapper\"><p>[vc_row][vc_column][vc_column_text]<\/p>\n<h1>Datenschutzerkl\u00e4rung<\/h1>\n<p>Verantwortlicher im Sinne der Datenschutzgesetze, insbesondere der EU-Datenschutzgrundverordnung (DSGVO), ist:<\/p>\n<p>Conditorei &amp; Cafe\u00b4Gerch<br \/>\nHerr Gerch<\/p>\n<h2>Ihre Betroffenenrechte<\/h2>\n<p>Unter den angegebenen Kontaktdaten unseres Datenschutzbeauftragten k\u00f6nnen Sie jederzeit folgende Rechte aus\u00fcben:<\/p>\n<ul>\n<li>Auskunft \u00fcber Ihre bei uns gespeicherten Daten und deren Verarbeitung (Art. 15 DSGVO),<\/li>\n<li>Berichtigung unrichtiger personenbezogener Daten (Art. 16 DSGVO),<\/li>\n<li>L\u00f6schung Ihrer bei uns gespeicherten Daten (Art. 17 DSGVO),<\/li>\n<li>Einschr\u00e4nkung der Datenverarbeitung, sofern wir Ihre Daten aufgrund gesetzlicher Pflichten noch nicht l\u00f6schen d\u00fcrfen (Art. 18 DSGVO),<\/li>\n<li>Widerspruch gegen die Verarbeitung Ihrer Daten bei uns (Art. 21 DSGVO) und<\/li>\n<li>Daten\u00fcbertragbarkeit, sofern Sie in die Datenverarbeitung eingewilligt haben oder einen Vertrag mit uns abgeschlossen haben (Art. 20 DSGVO).<\/li>\n<\/ul>\n<p>Sofern Sie uns eine Einwilligung erteilt haben, k\u00f6nnen Sie diese jederzeit mit Wirkung f\u00fcr die Zukunft widerrufen.<\/p>\n<p>Sie k\u00f6nnen sich jederzeit mit einer Beschwerde an eine Aufsichtsbeh\u00f6rde wenden, z. B. an die zust\u00e4ndige Aufsichtsbeh\u00f6rde des Bundeslands Ihres Wohnsitzes oder an die f\u00fcr uns als verantwortliche Stelle zust\u00e4ndige Beh\u00f6rde.<\/p>\n<p>Eine Liste der Aufsichtsbeh\u00f6rden (f\u00fcr den nicht\u00f6ffentlichen Bereich) mit Anschrift finden Sie unter:\u00a0<a href=\"https:\/\/www.bfdi.bund.de\/DE\/Service\/Anschriften\/Laender\/Laender-node.html\" target=\"_blank\" rel=\"noopener nofollow\">https:\/\/www.bfdi.bund.de\/DE\/Service\/Anschriften\/Laender\/Laender-node.html<\/a>.<\/p>\n<h2>Cookies<\/h2>\n<p>Wie viele andere Webseiten verwenden wir auch so genannte \u201eCookies\u201c. Bei Cookies handelt es sich um kleine Textdateien, die auf Ihrem Endger\u00e4t (Laptop, Tablet, Smartphone o.\u00e4.) gespeichert werden, wenn Sie unsere Webseite besuchen.<\/p>\n<p>Sie k\u00f6nnen Sie einzelne Cookies oder den gesamten Cookie-Bestand l\u00f6schen. Dar\u00fcber hinaus erhalten Sie Informationen und Anleitungen, wie diese Cookies gel\u00f6scht oder deren Speicherung vorab blockiert werden k\u00f6nnen. Je nach Anbieter Ihres Browsers finden Sie die notwendigen Informationen unter den nachfolgenden Links:<\/p>\n<ul>\n<li>Mozilla Firefox:\u00a0<a href=\"https:\/\/support.mozilla.org\/de\/kb\/cookies-loeschen-daten-von-websites-entfernen\" target=\"_blank\" rel=\"nofollow noopener\">https:\/\/support.mozilla.org\/de\/kb\/cookies-loeschen-daten-von-websites-entfernen<\/a><\/li>\n<li>Internet Explorer:\u00a0<a href=\"https:\/\/support.microsoft.com\/de-de\/help\/17442\/windows-internet-explorer-delete-manage-cookies\" target=\"_blank\" rel=\"nofollow noopener\">https:\/\/support.microsoft.com\/de-de\/help\/17442\/windows-internet-explorer-delete-manage-cookies<\/a><\/li>\n<li>Google Chrome:\u00a0<a href=\"https:\/\/support.google.com\/accounts\/answer\/61416?hl=de\" target=\"_blank\" rel=\"nofollow noopener\">https:\/\/support.google.com\/accounts\/answer\/61416?hl=de<\/a><\/li>\n<li>Opera:\u00a0<a href=\"http:\/\/www.opera.com\/de\/help\" target=\"_blank\" rel=\"nofollow noopener\">http:\/\/www.opera.com\/de\/help<\/a><\/li>\n<li>Safari:\u00a0<a href=\"https:\/\/support.apple.com\/kb\/PH17191?locale=de_DE&amp;viewlocale=de_DE\" target=\"_blank\" rel=\"nofollow noopener\">https:\/\/support.apple.com\/kb\/PH17191?locale=de_DE&amp;viewlocale=de_DE<\/a><\/li>\n<\/ul>\n<h3>Speicherdauer und eingesetzte Cookies:<\/h3>\n<p>Soweit Sie uns durch Ihre Browsereinstellungen oder Zustimmung die Verwendung von Cookies erlauben, k\u00f6nnen folgende Cookies auf unseren Webseiten zum Einsatz kommen:<\/p>\n<p>cookieconsent_status<br \/>\n365 day<\/p>\n<h2>Technisch notwendige Cookies<\/h2>\n<h3>Art und Zweck der Verarbeitung:<\/h3>\n<p>Wir setzen Cookies ein, um unsere Website nutzerfreundlicher zu gestalten. Einige Elemente unserer Internetseite erfordern es, dass der aufrufende Browser auch nach einem Seitenwechsel identifiziert werden kann.<\/p>\n<p>Der Zweck der Verwendung technisch notwendiger Cookies ist, die Nutzung von Websites f\u00fcr die Nutzer zu vereinfachen. Einige Funktionen unserer Internetseite k\u00f6nnen ohne den Einsatz von Cookies nicht angeboten werden. F\u00fcr diese ist es erforderlich, dass der Browser auch nach einem Seitenwechsel wiedererkannt wird.<\/p>\n<p>F\u00fcr folgende Anwendungen ben\u00f6tigen wir Cookies:<\/p>\n<h3>Rechtsgrundlage und berechtigtes Interesse:<\/h3>\n<p>Die Verarbeitung erfolgt gem\u00e4\u00df Art. 6 Abs. 1 lit. f DSGVO auf Basis unseres berechtigten Interesses an einer nutzerfreundlichen Gestaltung unserer Website.<\/p>\n<h3>Empf\u00e4nger:<\/h3>\n<p>Empf\u00e4nger der Daten sind ggf. technische Dienstleister, die f\u00fcr den Betrieb und die Wartung unserer Website als Auftragsverarbeiter t\u00e4tig werden.<\/p>\n<h3>Bereitstellung vorgeschrieben oder erforderlich:<\/h3>\n<p>Die Bereitstellung der vorgenannten personenbezogenen Daten ist weder gesetzlich noch vertraglich vorgeschrieben. Ohne diese Daten ist jedoch der Dienst und die Funktionsf\u00e4higkeit unserer Website nicht gew\u00e4hrleistet. Zudem k\u00f6nnen einzelne Dienste und Services nicht verf\u00fcgbar oder eingeschr\u00e4nkt sein.<\/p>\n<h3>Widerspruch<\/h3>\n<p>Lesen Sie dazu die Informationen \u00fcber Ihr Widerspruchsrecht nach Art. 21 DSGVO weiter unten.<\/p>\n<h2>Kontaktformular<\/h2>\n<h3>Art und Zweck der Verarbeitung:<\/h3>\n<p>Die von Ihnen eingegebenen Daten werden zum Zweck der individuellen Kommunikation mit Ihnen gespeichert. Hierf\u00fcr ist die Angabe einer validen E-Mail-Adresse sowie Ihres Namens erforderlich. Diese dient der Zuordnung der Anfrage und der anschlie\u00dfenden Beantwortung derselben. Die Angabe weiterer Daten ist optional.<\/p>\n<h3>Rechtsgrundlage:<\/h3>\n<p>Die Verarbeitung der in das Kontaktformular eingegebenen Daten erfolgt auf der Grundlage eines berechtigten Interesses (Art. 6 Abs. 1 lit. f DSGVO).<\/p>\n<p>Durch Bereitstellung des Kontaktformulars m\u00f6chten wir Ihnen eine unkomplizierte Kontaktaufnahme erm\u00f6glichen. Ihre gemachten Angaben werden zum Zwecke der Bearbeitung der Anfrage sowie f\u00fcr m\u00f6gliche Anschlussfragen gespeichert.<\/p>\n<p>Sofern Sie mit uns Kontakt aufnehmen, um ein Angebot zu erfragen, erfolgt die Verarbeitung der in das Kontaktformular eingegebenen Daten zur Durchf\u00fchrung vorvertraglicher Ma\u00dfnahmen (Art. 6 Abs. 1 lit. b DSGVO).<\/p>\n<h3>Empf\u00e4nger:<\/h3>\n<p>Empf\u00e4nger der Daten sind ggf. Auftragsverarbeiter.<\/p>\n<h3>Drittlandtransfer:<\/h3>\n<p>Die erhobenen Daten werden ggfs. in folgende Drittl\u00e4nder \u00fcbertragen:<\/p>\n<p>nein<\/p>\n<p>Folgende Datenschutzgarantien liegen vor:<\/p>\n<h3>Speicherdauer:<\/h3>\n<p>Daten werden sp\u00e4testens 6 Monate nach Bearbeitung der Anfrage gel\u00f6scht.<\/p>\n<p>Sofern es zu einem Vertragsverh\u00e4ltnis kommt, unterliegen wir den gesetzlichen Aufbewahrungsfristen nach HGB und l\u00f6schen Ihre Daten nach Ablauf dieser Fristen.<\/p>\n<h3>Bereitstellung vorgeschrieben oder erforderlich:<\/h3>\n<p>Die Bereitstellung Ihrer personenbezogenen Daten erfolgt freiwillig. Wir k\u00f6nnen Ihre Anfrage jedoch nur bearbeiten, sofern Sie uns Ihren Namen, Ihre E-Mail-Adresse und den Grund der Anfrage mitteilen.<\/p>\n<hr \/>\n<h2>Information \u00fcber Ihr Widerspruchsrecht nach Art. 21 DSGVO<\/h2>\n<h3>Einzelfallbezogenes Widerspruchsrecht<\/h3>\n<p>Sie haben das Recht, aus Gr\u00fcnden, die sich aus Ihrer besonderen Situation ergeben, jederzeit gegen die Verarbeitung Sie betreffender personenbezogener Daten, die aufgrund Art. 6 Abs. 1 lit. f DSGVO (Datenverarbeitung auf der Grundlage einer Interessenabw\u00e4gung) erfolgt, Widerspruch einzulegen; dies gilt auch f\u00fcr ein auf diese Bestimmung gest\u00fctztes Profiling im Sinne von Art. 4 Nr. 4 DSGVO.<\/p>\n<p>Legen Sie Widerspruch ein, werden wir Ihre personenbezogenen Daten nicht mehr verarbeiten, es sei denn, wir k\u00f6nnen zwingende schutzw\u00fcrdige Gr\u00fcnde f\u00fcr die Verarbeitung nachweisen, die Ihre Interessen, Rechte und Freiheiten \u00fcberwiegen, oder die Verarbeitung dient der Geltendmachung, Aus\u00fcbung oder Verteidigung von Rechtsanspr\u00fcchen.<\/p>\n<h3>Empf\u00e4nger eines Widerspruchs<\/h3>\n<p>Conditorei &amp; Cafe\u00b4Gerch<br \/>\nF\u00fcrstenwalder Allee 22<br \/>\n12589 Berlin<\/p>\n<hr \/>\n<h2>\u00c4nderung unserer Datenschutzbestimmungen<\/h2>\n<p>Wir behalten uns vor, diese Datenschutzerkl\u00e4rung anzupassen, damit sie stets den aktuellen rechtlichen Anforderungen entspricht oder um \u00c4nderungen unserer Leistungen in der Datenschutzerkl\u00e4rung umzusetzen, z.B. bei der Einf\u00fchrung neuer Services. F\u00fcr Ihren erneuten Besuch gilt dann die neue Datenschutzerkl\u00e4rung.<\/p>\n<h2>Fragen an den Datenschutzbeauftragten<\/h2>\n<p>Wenn Sie Fragen zum Datenschutz haben, schreiben Sie uns bitte eine E-Mail oder wenden Sie sich direkt an die f\u00fcr den Datenschutz verantwortliche Person in unserer Organisation:<\/p>\n<p>Conditoreei &amp; Cafe\u00b4Gerch<br \/>\nF\u00fcrstenwalder Allee 22<br \/>\n12589 Berlin<\/p>\n<p><em>Die Datenschutzerkl\u00e4rung wurde mithilfe der activeMind AG erstellt, den Experten f\u00fcr\u00a0<a href=\"https:\/\/www.activemind.de\/datenschutz\/datenschutzbeauftragter\/\" target=\"_blank\" rel=\"noopener\">externe Datenschutzbeauftragte<\/a>\u00a0(Version #2020-09-30).<\/em><\/p>\n<p><strong><span style=\"color: #ff6600;\">Beratung und Bestellung von Kuchen sowie Torten<\/span><\/strong><\/p>\n<p><strong><span style=\"color: #ff6600;\">gerne telefonisch oder in unserer Conditorei<\/span><\/strong><\/p>\n<p><strong><span style=\"color: #ff6600;\">Telefon : +49 30 6489682<\/span><\/strong><br \/>\n<strong><span style=\"color: #ff6600;\">info@conditoreigerch.de<\/span><\/strong>[\/vc_column_text][vc_row][\/vc_row][vc_column_text][\/vc_column_text][\/vc_column][\/vc_row][vc_separator type=&#8220;transparent&#8220; position=&#8220;center&#8220; up=&#8220;10&#8243;][vc_row][vc_column][vc_column_text][\/vc_column_text][\/vc_column][\/vc_row]<\/p>\n<\/div>","protected":false},"excerpt":{"rendered":"<p>[vc_row][vc_column][vc_column_text] Datenschutzerkl\u00e4rung Verantwortlicher im Sinne der Datenschutzgesetze, insbesondere der EU-Datenschutzgrundverordnung (DSGVO), ist: Conditorei &amp; Cafe\u00b4Gerch Herr Gerch Ihre Betroffenenrechte Unter den angegebenen Kontaktdaten unseres Datenschutzbeauftragten k\u00f6nnen Sie jederzeit folgende Rechte aus\u00fcben: Auskunft \u00fcber Ihre bei uns gespeicherten Daten und deren Verarbeitung (Art. 15 DSGVO), Berichtigung&#8230;<\/p>\n","protected":false},"author":2,"featured_media":0,"parent":0,"menu_order":0,"comment_status":"open","ping_status":"open","template":"","meta":{"footnotes":""},"class_list":["post-15482","page","type-page","status-publish","hentry"],"_links":{"self":[{"href":"https:\/\/conditoreigerch.de\/index.php?rest_route=\/wp\/v2\/pages\/15482","targetHints":{"allow":["GET"]}}],"collection":[{"href":"https:\/\/conditoreigerch.de\/index.php?rest_route=\/wp\/v2\/pages"}],"about":[{"href":"https:\/\/conditoreigerch.de\/index.php?rest_route=\/wp\/v2\/types\/page"}],"author":[{"embeddable":true,"href":"https:\/\/conditoreigerch.de\/index.php?rest_route=\/wp\/v2\/users\/2"}],"replies":[{"embeddable":true,"href":"https:\/\/conditoreigerch.de\/index.php?rest_route=%2Fwp%2Fv2%2Fcomments&post=15482"}],"version-history":[{"count":19,"href":"https:\/\/conditoreigerch.de\/index.php?rest_route=\/wp\/v2\/pages\/15482\/revisions"}],"predecessor-version":[{"id":17095,"href":"https:\/\/conditoreigerch.de\/index.php?rest_route=\/wp\/v2\/pages\/15482\/revisions\/17095"}],"wp:attachment":[{"href":"https:\/\/conditoreigerch.de\/index.php?rest_route=%2Fwp%2Fv2%2Fmedia&parent=15482"}],"curies":[{"name":"wp","href":"https:\/\/api.w.org\/{rel}","templated":true}]}}

<div class="wpb-content-wrapper"><p>[vc_row][vc_column][vc_column_text]</p>
<h1>Datenschutzerklärung</h1>
<p>Verantwortlicher im Sinne der Datenschutzgesetze, insbesondere der EU-Datenschutzgrundverordnung (DSGVO), ist:</p>
<p>Conditorei &amp; Cafe´Gerch<br />
Herr Gerch</p>
<h2>Ihre Betroffenenrechte</h2>
<p>Unter den angegebenen Kontaktdaten unseres Datenschutzbeauftragten können Sie jederzeit folgende Rechte ausüben:</p>
<ul>
<li>Auskunft über Ihre bei uns gespeicherten Daten und deren Verarbeitung (Art. 15 DSGVO),</li>
<li>Berichtigung unrichtiger personenbezogener Daten (Art. 16 DSGVO),</li>
<li>Löschung Ihrer bei uns gespeicherten Daten (Art. 17 DSGVO),</li>
<li>Einschränkung der Datenverarbeitung, sofern wir Ihre Daten aufgrund gesetzlicher Pflichten noch nicht löschen dürfen (Art. 18 DSGVO),</li>
<li>Widerspruch gegen die Verarbeitung Ihrer Daten bei uns (Art. 21 DSGVO) und</li>
<li>Datenübertragbarkeit, sofern Sie in die Datenverarbeitung eingewilligt haben oder einen Vertrag mit uns abgeschlossen haben (Art. 20 DSGVO).</li>
</ul>
<p>Sofern Sie uns eine Einwilligung erteilt haben, können Sie diese jederzeit mit Wirkung für die Zukunft widerrufen.</p>
<p>Sie können sich jederzeit mit einer Beschwerde an eine Aufsichtsbehörde wenden, z. B. an die zuständige Aufsichtsbehörde des Bundeslands Ihres Wohnsitzes oder an die für uns als verantwortliche Stelle zuständige Behörde.</p>
<p>Eine Liste der Aufsichtsbehörden (für den nichtöffentlichen Bereich) mit Anschrift finden Sie unter: <a href="https://www.bfdi.bund.de/DE/Service/Anschriften/Laender/Laender-node.html" target="_blank" rel="noopener nofollow">https://www.bfdi.bund.de/DE/Service/Anschriften/Laender/Laender-node.html</a>.</p>
<h2>Cookies</h2>
<p>Wie viele andere Webseiten verwenden wir auch so genannte „Cookies“. Bei Cookies handelt es sich um kleine Textdateien, die auf Ihrem Endgerät (Laptop, Tablet, Smartphone o.ä.) gespeichert werden, wenn Sie unsere Webseite besuchen.</p>
<p>Sie können Sie einzelne Cookies oder den gesamten Cookie-Bestand löschen. Darüber hinaus erhalten Sie Informationen und Anleitungen, wie diese Cookies gelöscht oder deren Speicherung vorab blockiert werden können. Je nach Anbieter Ihres Browsers finden Sie die notwendigen Informationen unter den nachfolgenden Links:</p>
<ul>
<li>Mozilla Firefox: <a href="https://support.mozilla.org/de/kb/cookies-loeschen-daten-von-websites-entfernen" target="_blank" rel="nofollow noopener">https://support.mozilla.org/de/kb/cookies-loeschen-daten-von-websites-entfernen</a></li>
<li>Internet Explorer: <a href="https://support.microsoft.com/de-de/help/17442/windows-internet-explorer-delete-manage-cookies" target="_blank" rel="nofollow noopener">https://support.microsoft.com/de-de/help/17442/windows-internet-explorer-delete-manage-cookies</a></li>
<li>Google Chrome: <a href="https://support.google.com/accounts/answer/61416?hl=de" target="_blank" rel="nofollow noopener">https://support.google.com/accounts/answer/61416?hl=de</a></li>
<li>Opera: <a href="http://www.opera.com/de/help" target="_blank" rel="nofollow noopener">http://www.opera.com/de/help</a></li>
<li>Safari: <a href="https://support.apple.com/kb/PH17191?locale=de_DE&amp;viewlocale=de_DE" target="_blank" rel="nofollow noopener">https://support.apple.com/kb/PH17191?locale=de_DE&amp;viewlocale=de_DE</a></li>
</ul>
<h3>Speicherdauer und eingesetzte Cookies:</h3>
<p>Soweit Sie uns durch Ihre Browsereinstellungen oder Zustimmung die Verwendung von Cookies erlauben, können folgende Cookies auf unseren Webseiten zum Einsatz kommen:</p>
<p>cookieconsent_status<br />
365 day</p>
<h2>Technisch notwendige Cookies</h2>
<h3>Art und Zweck der Verarbeitung:</h3>
<p>Wir setzen Cookies ein, um unsere Website nutzerfreundlicher zu gestalten. Einige Elemente unserer Internetseite erfordern es, dass der aufrufende Browser auch nach einem Seitenwechsel identifiziert werden kann.</p>
<p>Der Zweck der Verwendung technisch notwendiger Cookies ist, die Nutzung von Websites für die Nutzer zu vereinfachen. Einige Funktionen unserer Internetseite können ohne den Einsatz von Cookies nicht angeboten werden. Für diese ist es erforderlich, dass der Browser auch nach einem Seitenwechsel wiedererkannt wird.</p>
<p>Für folgende Anwendungen benötigen wir Cookies:</p>
<h3>Rechtsgrundlage und berechtigtes Interesse:</h3>
<p>Die Verarbeitung erfolgt gemäß Art. 6 Abs. 1 lit. f DSGVO auf Basis unseres berechtigten Interesses an einer nutzerfreundlichen Gestaltung unserer Website.</p>
<h3>Empfänger:</h3>
<p>Empfänger der Daten sind ggf. technische Dienstleister, die für den Betrieb und die Wartung unserer Website als Auftragsverarbeiter tätig werden.</p>
<h3>Bereitstellung vorgeschrieben oder erforderlich:</h3>
<p>Die Bereitstellung der vorgenannten personenbezogenen Daten ist weder gesetzlich noch vertraglich vorgeschrieben. Ohne diese Daten ist jedoch der Dienst und die Funktionsfähigkeit unserer Website nicht gewährleistet. Zudem können einzelne Dienste und Services nicht verfügbar oder eingeschränkt sein.</p>
<h3>Widerspruch</h3>
<p>Lesen Sie dazu die Informationen über Ihr Widerspruchsrecht nach Art. 21 DSGVO weiter unten.</p>
<h2>Kontaktformular</h2>
<h3>Art und Zweck der Verarbeitung:</h3>
<p>Die von Ihnen eingegebenen Daten werden zum Zweck der individuellen Kommunikation mit Ihnen gespeichert. Hierfür ist die Angabe einer validen E-Mail-Adresse sowie Ihres Namens erforderlich. Diese dient der Zuordnung der Anfrage und der anschließenden Beantwortung derselben. Die Angabe weiterer Daten ist optional.</p>
<h3>Rechtsgrundlage:</h3>
<p>Die Verarbeitung der in das Kontaktformular eingegebenen Daten erfolgt auf der Grundlage eines berechtigten Interesses (Art. 6 Abs. 1 lit. f DSGVO).</p>
<p>Durch Bereitstellung des Kontaktformulars möchten wir Ihnen eine unkomplizierte Kontaktaufnahme ermöglichen. Ihre gemachten Angaben werden zum Zwecke der Bearbeitung der Anfrage sowie für mögliche Anschlussfragen gespeichert.</p>
<p>Sofern Sie mit uns Kontakt aufnehmen, um ein Angebot zu erfragen, erfolgt die Verarbeitung der in das Kontaktformular eingegebenen Daten zur Durchführung vorvertraglicher Maßnahmen (Art. 6 Abs. 1 lit. b DSGVO).</p>
<h3>Empfänger:</h3>
<p>Empfänger der Daten sind ggf. Auftragsverarbeiter.</p>
<h3>Drittlandtransfer:</h3>
<p>Die erhobenen Daten werden ggfs. in folgende Drittländer übertragen:</p>
<p>nein</p>
<p>Folgende Datenschutzgarantien liegen vor:</p>
<h3>Speicherdauer:</h3>
<p>Daten werden spätestens 6 Monate nach Bearbeitung der Anfrage gelöscht.</p>
<p>Sofern es zu einem Vertragsverhältnis kommt, unterliegen wir den gesetzlichen Aufbewahrungsfristen nach HGB und löschen Ihre Daten nach Ablauf dieser Fristen.</p>
<h3>Bereitstellung vorgeschrieben oder erforderlich:</h3>
<p>Die Bereitstellung Ihrer personenbezogenen Daten erfolgt freiwillig. Wir können Ihre Anfrage jedoch nur bearbeiten, sofern Sie uns Ihren Namen, Ihre E-Mail-Adresse und den Grund der Anfrage mitteilen.</p>
<hr />
<h2>Information über Ihr Widerspruchsrecht nach Art. 21 DSGVO</h2>
<h3>Einzelfallbezogenes Widerspruchsrecht</h3>
<p>Sie haben das Recht, aus Gründen, die sich aus Ihrer besonderen Situation ergeben, jederzeit gegen die Verarbeitung Sie betreffender personenbezogener Daten, die aufgrund Art. 6 Abs. 1 lit. f DSGVO (Datenverarbeitung auf der Grundlage einer Interessenabwägung) erfolgt, Widerspruch einzulegen; dies gilt auch für ein auf diese Bestimmung gestütztes Profiling im Sinne von Art. 4 Nr. 4 DSGVO.</p>
<p>Legen Sie Widerspruch ein, werden wir Ihre personenbezogenen Daten nicht mehr verarbeiten, es sei denn, wir können zwingende schutzwürdige Gründe für die Verarbeitung nachweisen, die Ihre Interessen, Rechte und Freiheiten überwiegen, oder die Verarbeitung dient der Geltendmachung, Ausübung oder Verteidigung von Rechtsansprüchen.</p>
<h3>Empfänger eines Widerspruchs</h3>
<p>Conditorei &amp; Cafe´Gerch<br />
Fürstenwalder Allee 22<br />
12589 Berlin</p>
<hr />
<h2>Änderung unserer Datenschutzbestimmungen</h2>
<p>Wir behalten uns vor, diese Datenschutzerklärung anzupassen, damit sie stets den aktuellen rechtlichen Anforderungen entspricht oder um Änderungen unserer Leistungen in der Datenschutzerklärung umzusetzen, z.B. bei der Einführung neuer Services. Für Ihren erneuten Besuch gilt dann die neue Datenschutzerklärung.</p>
<h2>Fragen an den Datenschutzbeauftragten</h2>
<p>Wenn Sie Fragen zum Datenschutz haben, schreiben Sie uns bitte eine E-Mail oder wenden Sie sich direkt an die für den Datenschutz verantwortliche Person in unserer Organisation:</p>
<p>Conditoreei &amp; Cafe´Gerch<br />
Fürstenwalder Allee 22<br />
12589 Berlin</p>
<p><em>Die Datenschutzerklärung wurde mithilfe der activeMind AG erstellt, den Experten für <a href="https://www.activemind.de/datenschutz/datenschutzbeauftragter/" target="_blank" rel="noopener">externe Datenschutzbeauftragte</a> (Version #2020-09-30).</em></p>
<p><strong><span style="color: #ff6600;">Beratung und Bestellung von Kuchen sowie Torten</span></strong></p>
<p><strong><span style="color: #ff6600;">gerne telefonisch oder in unserer Conditorei</span></strong></p>
<p><strong><span style="color: #ff6600;">Telefon : +49 30 6489682</span></strong><br />
<strong><span style="color: #ff6600;">info@conditoreigerch.de</span></strong>[/vc_column_text][vc_row][/vc_row][vc_column_text][/vc_column_text][/vc_column][/vc_row][vc_separator type=&#8220;transparent&#8220; position=&#8220;center&#8220; up=&#8220;10&#8243;][vc_row][vc_column][vc_column_text][/vc_column_text][/vc_column][/vc_row]</p>
</div>

<p>[vc_row][vc_column][vc_column_text] Datenschutzerklärung Verantwortlicher im Sinne der Datenschutzgesetze, insbesondere der EU-Datenschutzgrundverordnung (DSGVO), ist: Conditorei &amp; Cafe´Gerch Herr Gerch Ihre Betroffenenrechte Unter den angegebenen Kontaktdaten unseres Datenschutzbeauftragten können Sie jederzeit folgende Rechte ausüben: Auskunft über Ihre bei uns gespeicherten Daten und deren Verarbeitung (Art. 15 DSGVO), Berichtigung&#8230;</p>
